 common factor of 264 and 22451253?
33
What is the highest common factor of 53805 and 27591?
51
Calculate the greatest common divisor of 211992 and 8804928.
2904
Calculate the greatest common factor of 45671 and 3529529.
109
What is the greatest common factor of 656 and 44455480?
328
What is the greatest common factor of 5388232 and 3704?
8
What is the highest common divisor of 203409 and 799668?
873
What is the greatest common factor of 325048566 and 894?
894
Calculate the greatest common divisor of 806 and 54829359.
403
What is the greatest common divisor of 134808657 and 102?
51
What is the greatest common divisor of 10660 and 2497460?
20
What is the greatest common factor of 574 and 6442494?
82
Calculate the highest common divisor of 294428771 and 93587.
4069
Calculate the greatest common divisor of 170 and 5064096.
34
Calculate the highest common factor of 88374 and 49543.
1339
What is the highest common factor of 1446 and 55662?
6
What is the greatest common factor of 336198584 and 11104?
2776
What is the greatest common divisor of 14782 and 6021720?
778
What is the highest common divisor of 23606703 and 185?
37
What is the highest common factor of 351 and 4241991?
39
Calculate the greatest common divisor of 1198775 and 7225.
25
What is the highest common divisor of 6500 and 23767250?
3250
Calculate the greatest common divisor of 30114 and 51114.
42
What is the greatest common factor of 713 and 25483425?
23
What is the greatest common divisor of 1105852 and 11275?
451
What is the highest common divisor of 48208 and 3068544?
2096
Calculate the highest common divisor of 44378412 and 17004.
156
Calculate the highest common factor of 1918 and 84106355.
137
Calculate the greatest common factor of 2149966 and 14560.
182
Calculate the highest common divisor of 1009286 and 163392.
1702
Calculate the greatest common factor of 74 and 96583246.
74
What is the highest common factor of 724 and 325852?
4
What is the highest common divisor of 514 and 2381105?
257
Calculate the highest common factor of 2230 and 25690.
10
Calculate the greatest common factor of 721735 and 267869.
119
Calculate the greatest common factor of 1000 and 42426832.
8
What is the highest common factor of 82 and 14615024?
82
Calculate the highest common factor of 1383694558 and 9778.
9778
What is the greatest common divisor of 70124 and 1772464?
188
Calculate the greatest common divisor of 196799838 and 2031.
2031
Calculate the highest common divisor of 13255 and 587675.
55
Calculate the highest common divisor of 8995 and 7770395.
1285
Calculate the highest common factor of 5 and 169615.
5
What is the greatest common factor of 1758 and 57430344?
1758
Calculate the greatest common factor of 2272 and 31760004.
284
Calculate the greatest common divisor of 192 and 17762496.
192
What is the highest common divisor of 37661 and 139464?
13
Calculate the greatest common factor of 540733487 and 1571.
1571
What is the greatest common divisor of 95608620 and 18?
18
Calculate the highest common factor of 8808805 and 63240.
2635
What is the greatest common divisor of 2512 and 302672?
16
Calculate the greatest common divisor of 894 and 176814724.
298
Calculate the highest common divisor of 12 and 11809882.
2
What is the greatest common factor of 1192 and 5105634?
298
Calculate the greatest common factor of 224 and 861408.
32
Calculate the greatest common factor of 299589 and 555.
111
Calculate the highest common factor of 311 and 187221.
1
Calculate the highest common factor of 333520 and 5676.
44
Calculate the greatest common factor of 70938 and 26523.
63
What is the greatest common factor of 8 and 33202096?
8
Calculate the greatest common divisor of 59898 and 51054.
402
Calculate the highest common factor of 644889 and 9.
3
What is the greatest common factor of 10560 and 12170?
10
What is the highest common factor of 19620 and 1314075660?
6540
Calculate the highest common divisor of 12398699 and 971.
971
Calculate the highest common divisor of 306026 and 17234.
14
What is the greatest common divisor of 245 and 102743585?
35
Calculate the greatest common factor of 544 and 46310244.
68
Calculate the highest common factor of 610 and 549586.
2
Calculate the highest common divisor of 29323695 and 1310.
655
What is the greatest common divisor of 74547444 and 1483?
1483
Calculate the greatest common divisor of 536722 and 34669.
37
What is the greatest common factor of 472058 and 291744?
2026
Calculate the highest common factor of 21086 and 2202226.
26
Calculate the greatest common divisor of 2892 and 8969538.
1446
Calculate the highest common divisor of 4634 and 127740182.
662
What is the greatest common divisor of 106975 and 1485?
55
What is the highest common factor of 35956 and 372109?
89
Calculate the greatest common factor of 4141 and 4382244.
41
What is the greatest common divisor of 2339370 and 12870?
990
Calculate the greatest common factor of 23 and 62763435.
23
What is the greatest common divisor of 2016 and 171633896?
56
Calculate the greatest common factor of 997596 and 6294.
6
What is the greatest common divisor of 60787051 and 9971?
767
Calculate the greatest common divisor of 554701 and 31283.
763
What is the greatest common factor of 775 and 39486467?
31
Calculate the highest common divisor of 10860892 and 196.
28
Calculate the highest common divisor of 27625 and 138250.
125
What is the highest common factor of 349140780 and 18?
18
What is the greatest common divisor of 4761136 and 24724?
3532
Calculate the greatest common divisor of 6007791 and 5109.
393
Calculate the greatest common factor of 344 and 1465784.
344
What is the highest common divisor of 14260792 and 41363?
133
Calculate the highest common divisor of 13623 and 17631411.
57
Calculate the highest common divisor of 16418787 and 37851.
1221
What is the highest common factor of 54470988 and 9?
9
Calculate the greatest common factor of 63149390 and 850.
170
What is the greatest common factor of 446642 and 87341?
523
Calculate the greatest common factor of 262486352 and 112.
16
What is the greatest common factor of 242813732 and 70?
14
Calculate the highest common divisor of 96 and 136322844.
12
Calculate the highest common divisor of 207366551 and 3059.
3059
Calculate the greatest common factor of 7306 and 312195.
13
What is the greatest common divisor of 1879037 and 1494?
83
Calculate the highest common factor of 7626 and 25109752.
62
What is the highest common factor of 268 and 302406644?
268
What is the highest common factor of 222631084 and 38324?
3484
Calculate the greatest common factor of 6156832 and 616.
88
What is the highest common divisor of 87039 and 7164?
9
What is the highest common divisor of 57440 and 28640?
160
What is the greatest common factor of 245 and 1297305?
5
Calculate the greatest common factor of 134326 and 146687.
47
What is the greatest common factor of 1639052 and 2372?
2372
Calculate the greatest common divisor of 46230424 and 372.
124
Calculate the highest common divisor of 4271553 and 162.
9
What is the greatest common factor of 901077 and 25203?
93
What is the highest common divisor of 70581 and 210021?
21
Calculate the greatest common divisor of 4356726 and 44268.
102
What is the greatest common factor of 69839375 and 50?
25
Calculate the highest common divisor of 490885340 and 770.
110
What is the highest common divisor of 807482 and 182?
26
Calculate the greatest common divisor of 503965 and 34791911.
9163
What is the highest common factor of 25308 and 209874?
114
What is the greatest common divisor of 8987425 and 50?
25
What is the highest common factor of 32 and 43214096?
16
Calculate the highest common factor of 2137600 and 3680.
160
Calculate the highest common divisor of 5104702 and 258.
86
What is the greatest common divisor of 236 and 1280004?
4
Calculate the highest common divisor of 447348 and 313764.
132
Calculate the highest common divisor of 2403 and 485139.
267
Calculate the greatest common divisor of 564632 and 24.
8
What is the highest common factor of 68370 and 9960?
30
Calculate the highest common divisor of 15079382 and 453665.
2213
Calculate the greatest common divisor of 1276 and 3079945.
319
What is the greatest common divisor of 5798520 and 320?
40
What is the g